Let y(z) = -z**2 + 499*z - 61064. Determine y(215).
-4
Let c(a) = a**3 + 33*a**2 + 403*a - 142. Calculate c(0).
-142
Let t(w) = 76*w**3 + 9*w**2 - 23*w - 61. What is t(-3)?
-1963
Let o(r) = 3*r**3 - 620*r**2 + 386*r + 5351. Give o(206).
-5
Let r(k) = -147*k - 7524. Calculate r(-44).
-1056
Let u(j) = -4*j**3 + 32*j**2 - 150*j + 677. Determine u(6).
65
Let t(x) = -4*x**2 - 417*x - 845. Calculate t(-102).
73
Let f(k) = -1130*k - 49710. What is f(-44)?
10
Let j(d) = 1250*d - 10090. Give j(8).
-90
Let l(x) = 6721*x - 114109. What is l(17)?
148
Let t(z) = 26646*z + 213182. What is t(-8)?
14
Let x(v) = -3*v**3 - 2*v**2 - 684*v + 1374. Determine x(2).
-26
Let o(z) = -35*z - 3345. What is o(-83)?
-440
Let n(b) = 5*b**2 + 4350*b - 111862. Give n(-895).
13
Let j(o) = 14858*o - 59496. Calculate j(4).
-64
Let o(q) = q**3 + 99*q**2 - 67*q + 1416. Give o(-100).
-1884
Let s(i) = 147*i**2 + 4264*i + 30. Give s(-29).
1
Let h(b) = 1228*b**2 + 71234*b + 588. Calculate h(-58).
8
Let n(f) = -2*f**3 - 316*f**2 - 11902*f + 281. Give n(-96).
89
Let j(s) = 520*s - 31823. What is j(65)?
1977
Let s(j) = -15*j**2 + 293*j + 4116. What is s(29)?
-2
Let m(w) = 1027*w - 7409. Determine m(8).
807
Let o(a) = -a**3 + 63*a**2 + 777*a - 52046. What is o(62)?
-28
Let h(v) = -175*v - 2114. Determine h(-12).
-14
Let m(t) = -3*t**3 - 405*t**2 + 18*t + 2451. Calculate m(-135).
21
Let z(y) = -99251*y - 198553. Determine z(-2).
-51
Let s(r) = 28*r**2 + 330*r + 38. Determine s(-11).
-204
Let i(t) = -t**3 + 123*t**2 - 353*t - 1336. Calculate i(120).
-496
Let c(k) = -353*k + 4257. Calculate c(12).
21
Let n(m) = -2439*m + 51240. Calculate n(21).
21
Let v(x) = 205982*x + 1235899. Determine v(-6).
7
Let z(j) = -2*j**3 + 731*j**2 - 1062*j - 10981. Determine z(364).
-61
Let y(a) = 151274*a - 1058920. Give y(7).
-2
Let b(h) = 20224*h - 930314. Determine b(46).
-10
Let q(j) = j**2 + 2122*j - 34202. Determine q(16).
6
Let k(q) = -48*q**2 + 554*q + 31. Calculate k(14).
-1621
Let b(v) = -139*v**2 + 11979*v - 2146. Give b(86).
4
Let h(i) = 365*i + 119093. Determine h(-326).
103
Let m(f) = -2*f**3 + 89*f**2 + 52*f - 1071. Calculate m(45).
-756
Let x(g) = 2*g**3 - 18*g**2 + 16*g - 79. Calculate x(10).
281
Let a(q) = -1031*q - 36237. Calculate a(-30).
-5307
Let n(s) = -1198*s + 76828. Give n(64).
156
Let q(j) = -5*j**3 - 555*j**2 + 7*j + 964. Determine q(-111).
187
Let c(y) = 1614*y - 316361. Calculate c(196).
-17
Let j(f) = 13090*f - 4934865. Determine j(377).
65
Let f(u) = 79*u**2 - 11159*u + 11159. Give f(1).
79
Let p(i) = 10*i**2 - 1916*i - 12696. Give p(198).
-24
Let k(m) = -4*m**3 + 75*m**2 + 129*m - 592. Give k(20).
-12
Let q(m) = m**3 + 189*m**2 + 6837*m - 1121. What is q(-49)?
6
Let c(j) = 192*j - 9765. Give c(50).
-165
Let j(b) = 6*b**2 - 1236*b + 12909. Calculate j(11).
39
Let d(o) = -1296*o + 113133. Give d(88).
-915
Let c(l) = 575*l**2 - 1745*l + 126. Calculate c(3).
66
Let m(y) = -y**3 + 103*y**2 - 365*y + 6426. Determine m(100).
-74
Let r(l) = -364*l - 351. Determine r(4).
-1807
Let l(n) = n**3 + 17*n**2 - 32*n - 237. Calculate l(-6).
351
Let n(u) = -1380*u + 17921. Give n(13).
-19
Let l(o) = o**3 + 63*o**2 - 72*o + 1197. Determine l(-64).
1709
Let m(a) = 42*a**2 + 1063*a + 6253. What is m(-6)?
1387
Let j(c) = -2367*c**2 - 4627*c + 219. Calculate j(-2).
5
Let j(k) = 137*k + 24411. Give j(-172).
847
Let g(i) = i**2 - 107532*i + 1505229. What is g(14)?
-23
Let v(k) = 3575*k - 32294. Determine v(9).
-119
Let z(c) = -316310*c + 24. Give z(0).
24
Let g(q) = -q**3 + 2*q**2 + 33*q + 131. Calculate g(8).
11
Let n(o) = 254*o**2 + 77*o - 127. What is n(2)?
1043
Let a(s) = 87870*s + 6063066. Give a(-69).
36
Let b(q) = -577*q**3 + 10*q**2 + 134*q + 124. Give b(-1).
577
Let g(p) = 3*p**2 + 40*p - 2033. Calculate g(-33).
-86
Let c(m) = -m**2 - 130*m + 853. Determine c(-144).
-1163
Let j(d) = 8*d**2 + 2018*d - 10270. Give j(5).
20
Let v(x) = 23*x**2 - 792*x + 566. Calculate v(34).
226
Let g(j) = -641*j + 1825. Calculate g(3).
-98
Let n(a) = -2*a**2 + 3018*a - 649426. Calculate n(260).
54
Let i(q) = 83*q**2 - 3605*q + 1548. Give i(43).
0
Let o(u) = -u**3 + 16*u**2 - 200*u + 4030. Calculate o(18).
-218
Let i(v) = v**3 + 36*v**2 - 425*v + 245. Determine i(7).
-623
Let c(z) = -z**3 - 67*z**2 - 1052*z - 68. Give c(-42).
16
Let r(t) = 21*t**2 - 1603*t - 8102. Determine r(-5).
438
Let y(z) = -z**3 - 55*z**2 - 20*z - 705. What is y(-55)?
395
Let i(l) = l**3 + 6*l**2 + 9*l + 67. What is i(-5)?
47
Let q(d) = -226*d + 3442. What is q(15)?
52
Let t(c) = -2*c**3 - 23*c**2 - 10932*c - 98135. Determine t(-9).
-152
Let n(x) = 819*x**2 + 9*x + 7. Determine n(-1).
817
Let c(a) = -74*a + 2248. Determine c(30).
28
Let j(w) = 2*w**2 + 81*w + 253. Determine j(-29).
-414
Let c(w) = 121*w - 47149. What is c(392)?
283
Let i(u) = -1781*u + 67478. Determine i(38).
-200
Let m(k) = 11*k**2 - 1069*k + 2578. What is m(92)?
-2666
Let l(c) = 176229*c - 1762285. Give l(10).
5
Let d(g) = 6714*g - 479. Give d(0).
-479
Let x(n) = -n**3 - 298*n**2 - 1482*n - 6033. Calculate x(-293).
-1052
Let i(p) = 194*p + 20569. Calculate i(-107).
-189
Let g(o) = -21320*o + 1321824. Calculate g(62).
-16
Let x(n) = 9055*n + 280706. Determine x(-31).
1
Let h(z) = -131*z**2 + 4878*z + 26190. Determine h(42).
-18
Let z(p) = p**3 - 9*p**2 - 4411*p + 44001. Calculate z(10).
-9
Let p(d) = -4*d**3 + 4*d**2 + 231*d + 705. Give p(-3).
156
Let q(s) = s**3 + 14*s**2 - 55*s + 768. What is q(-19)?
8
Let p(j) = j**3 + 45*j**2 - 1655*j + 45. Give p(-69).
-24
Let p(b) = -b**2 - 128*b - 474. Give p(-33).
2661
Let u(j) = 865*j - 8675. Give u(10).
-25
Let f(u) = -176*u**2 + 6133*u + 7316. Determine f(36).
8
Let m(c) = 188*c**2 + 14852*c - 20. Determine m(-79).
-20
Let j(w) = -2*w**2 - 217*w + 3480. Determine j(14).
50
Let y(n) = -3*n**3 + 8*n**2 + 15*n - 48. What is y(4)?
-52
Let j(v) = v**2 - 865*v - 12185. Determine j(-14).
121
Let d(q) = -9813425*q - 39253699. Calculate d(-4).
1
Let t(u) = u**2 - 940766*u + 6585322. Determine t(7).
9
Let i(t) = t**3 - t**2 + 199*t - 587. What is i(3)?
28
Let d(i) = -58*i**2 - 3909*i - 1764. Give d(-67).
-223
Let j(b) = -b**3 + 604*b**2 + 3630*b - 36. Calculate j(-6).
144
Let c(s) = 784*s + 82229. Determine c(-105).
-91
Let x(a) = -7778*a + 2743. What is x(0)?
2743
Let g(r) = 6*r**3 - 110*r**2 - 190*r - 188. Give g(20).
12
Let s(x) = 6*x**2 - 196*x + 522. Determine s(40).
2282
Let r(c) = -3*c**3 - 33*c**2 + 44*c - 107. Calculate r(-11).
-591
Let c(d) = 25*d**2 + 122*d + 817. Give c(-6).
985
Let g(n) = 156*n**2 + 2083*n - 53. What is g(-13)?
-768
Let i(p) = -219*p**2 - 34*p + 165. Calculate i(4).
-3475
Let x(u) = 5*u**2 - 314*u + 4728. Calculate x(36).
-96
Let b(h) = 105*h**3 - 1464*h**2 + 3*h - 1227. Give b(14).
-9
Let g(k) = 1510*k**2 - 7273*k - 4. What is g(5)?
1381
Let u(x) = 616*x + 3593. Determine u(-6).
-103
Let q(b) = -42*b - 2913. Determine q(-58).
-477
Let m(y) = -54*y**2 + 619*y - 1184. Calculate m(9).
13
Let p(z) = -4397*z - 3565976. Determine p(-811).
-9
Let w(j) = -1044*j + 8362. Determine w(8).
10
Let b(o) = 7*o**2 - 48*o - 814. What is b(0)?
-814
Let v(y) = -y**2 - 19083*y - 133534. What is v(-7)?
-2
Let p(t) = -53700*t + 5316310. Give p(99).
10
Let b(r) = -2*r**2 + 101*r + 6503. Give b(0).
6503
Let o(j) = 525*j**2 + 3122*j + 3121. What is o(-1)?
524
Let i(t) = 4273*t + 17351. Determine i(-4).
259
Let c(x) = 4657*x - 311929. Calculate c(67).
90
Let b(h) = h**3 - 9*h**2 - 10*h - 309. Calculate b(12).
3
Let r(k) = 680*k**2 - 10023*k - 2661. What is r(15)?
-6
Let z(r) = -95*r**2 - 16*r + 86. Give z(-2).
-262
Let x(v) = -2258*v - 478708. Give x(-212).
-12
Let i(n) = -n**3 + 14*n**2 + 11668*n - 105460. What is i(9)?
-43
Let t(f) = -f**3 - 274*f**2 - 4000*f - 788404. Give t(-270).
-4
Let a(s) = 31*s**2 - 3876*s + 3944. Determine a(124).
-24
Let x(m) = -9*m**2 + 1480*m + 3874. What is x(167)?
33
Let x(o) = 40*o**2 + 3411*o + 961. Calculate x(-85).
26
Let n(p) = 17*p**3 + 260*p**2 - 1358*p + 6. Calculate n(5).
1841
Let f(d) = -384454*d - 1153358. Determine f(-3).
4
Let g(z) = 117164*z + 2108956. Determine g(-18).
4
Let m(w) = -3*w**3 - 15*w**2 - 632*w - 3169. Give m(-5).
-9
Let y(j) = 1155*j - 3619. Determine y(3).
-154
Let m(s) = 195*s - 17716. Calculate m(91).
29
Let q(b) = b**2 + 961*b - 5809. Give q(6).
-7
Let m(d) = -3389*d